193
Let r(i) = -129*i**3 - 119325*i**2 + 21*i + 19416. Determine r(-925).
-9
Let o(s) = -29*s**2 - 82*s + 82. Give o(-2).
130
Let p(u) = -21*u**3 - 1285*u**2 - 1535*u - 2106. Calculate p(-60).
-6
Let f(g) = g**3 - 540*g**2 - 11786*g + 2811. Give f(561).
6
Let o(r) = -r**2 + 16279*r + 5803167. Determine o(-349).
-5
Let s(x) = -2*x**2 - 59387*x + 356398. Calculate s(6).
4
Let w(f) = f**3 + 122*f**2 - 407*f - 3907. Determine w(-125).
93
Let r(k) = 2*k**3 + 91*k**2 - 1183*k - 174. Give r(-56).
218
Let l(k) = -91*k**3 - 3*k**2 + 10*k - 21. What is l(0)?
-21
Let t(z) = -z**2 - 1956*z + 497937. Give t(228).
-15
Let w(x) = -659*x + 353458. What is w(536)?
234
Let j(f) = 26*f**2 + 230*f + 1629. Calculate j(-7).
1293
Let g(x) = -7434*x + 52067. What is g(7)?
29
Let g(n) = n**2 - 739*n + 3665. Determine g(5).
-5
Let v(a) = -11021*a + 407751. What is v(37)?
-26
Let r(h) = -21*h**3 - 379*h**2 - 13*h - 11. Give r(-18).
-101
Let t(v) = -v**2 + 28*v + 24342. What is t(-141)?
513
Let d(k) = -1501*k - 78089. Give d(-52).
-37
Let p(q) = 8*q**2 - 409*q + 409. Give p(1).
8
Let b(z) = -4*z**2 - 679*z + 1722. What is b(-172)?
174
Let c(q) = q**3 + 484*q**2 + 11910*q + 46. Determine c(-26).
-6
Let h(g) = -624*g + 184052. What is h(295)?
-28
Let u(m) = 6229*m**2 - 386212*m + 871. Determine u(62).
3
Let m(u) = -u**3 + 38*u**2 - 4153*u + 104160. What is m(27)?
48
Let h(l) = -l**3 - 15*l**2 + 1863*l + 16870. What is h(-47)?
-3
Let q(i) = -2*i**3 - 195*i**2 - 135*i - 3993. What is q(-97)?
-307
Let d(k) = 757*k - 84739. Give d(112).
45
Let b(m) = m**2 - 239*m - 3010. Determine b(-12).
2
Let t(d) = -d**3 + 122*d**2 - 3521*d + 1856. Determine t(76).
-44
Let t(h) = h**2 - 316*h - 4277. What is t(-13)?
0
Let c(f) = -f**2 - 113521*f + 4656036. Determine c(41).
-6
Let t(i) = -1944*i**3 + 10*i**2 - 41*i + 30. Determine t(1).
-1945
Let r(u) = 2198*u - 94673. Determine r(43).
-159
Let s(q) = -2007*q - 24231. What is s(-12)?
-147
Let v(u) = 3*u**3 - 266*u**2 + 179*u - 182. Determine v(88).
82
Let h(k) = -28*k**2 + 3673*k + 252. Give h(131).
907
Let z(k) = 978*k**2 + 17570*k - 653. Give z(-18).
-41
Let p(j) = j**3 + 13*j**2 + 83198*j + 914931. What is p(-11)?
-5
Let c(z) = -1454*z + 71302. Determine c(49).
56
Let r(d) = -5773*d - 11439. Give r(-2).
107
Let g(u) = 544*u + 13533. Determine g(-31).
-3331
Let x(t) = -23*t**2 - 450*t - 2474. Calculate x(-6).
-602
Let q(y) = 2*y**3 - 53*y**2 - 200*y + 160. Calculate q(30).
460
Let h(w) = w**2 + 651*w - 477025. Determine h(438).
-43
Let s(n) = 646*n - 26487. Determine s(41).
-1
Let l(y) = -y**3 - 79*y**2 + 254*y - 508. Give l(-82).
-1164
Let s(l) = 14*l**3 - 978*l**2 - 234*l + 6549. Determine s(70).
-31
Let a(u) = 28871*u - 28866. Calculate a(1).
5
Let f(a) = 5*a**2 + 939*a + 9717. Determine f(-11).
-7
Let f(z) = z**3 - 151*z**2 - 296*z - 1496. Give f(153).
34
Let f(l) = l**3 + 93*l**2 + 1405*l - 29. Give f(-74).
45
Let y(a) = a**3 - 1053*a**2 + 242786*a + 4288. Give y(712).
16
Let j(s) = s**3 + 7*s**2 - 11*s + 390. Give j(-15).
-1245
Let v(g) = -110066*g - 550326. Give v(-5).
4
Let i(l) = -53*l**2 - 4849*l - 64030. What is i(-16)?
-14
Let s(y) = 607*y**2 - 1227*y + 9. Calculate s(2).
-17
Let y(r) = 4*r**2 + 480526*r + 3363565. Give y(-7).
79
Let u(c) = 178*c - 24951. What is u(139)?
-209
Let o(m) = 3*m**2 + 417*m - 1265. What is o(-142)?
13
Let b(c) = -4*c**2 + 300*c + 3648. Calculate b(-13).
-928
Let m(o) = 15735*o + 5082386. What is m(-323)?
-19
Let x(n) = -31848*n - 382179. Determine x(-12).
-3
Let s(l) = 112*l**3 - 673*l**2 + 5*l - 6. Give s(6).
-12
Let b(a) = -42*a**2 + 1076*a + 9584. Determine b(-7).
-6
Let i(p) = -6*p**2 + 2575*p - 2946. Determine i(428).
50
Let n(i) = 337*i + 967. Calculate n(-3).
-44
Let v(h) = 1471*h - 2262. What is v(1)?
-791
Let k(i) = -8336*i + 6868892. What is k(824)?
28
Let h(r) = r**2 - 33*r - 23092. What is h(175)?
1758
Let k(z) = z**3 + 37*z**2 - 1319*z + 37. Determine k(22).
-425
Let y(k) = -141*k - 11330. What is y(-81)?
91
Let k(y) = -y**2 - 319*y + 56620. What is k(127)?
-22
Let z(u) = 8677*u - 147480. Give z(17).
29
Let q(v) = -v**3 + 61*v**2 + 1066*v - 1183. Determine q(75).
17
Let h(q) = 18*q**3 + 4836*q**2 - 1603*q + 2960. Give h(-269).
1
Let i(u) = -9022*u + 243808. Calculate i(27).
214
Let b(w) = w**3 - 231*w**2 - 1465*w - 259. Determine b(-6).
-1
Let x(p) = -8*p**3 - 12*p**2 + 26*p + 12. Determine x(5).
-1158
Let y(i) = i**3 + 5*i**2 - 2294*i + 11362. Calculate y(5).
142
Let f(k) = -5*k**3 - 513*k**2 - 13013*k - 969. Determine f(-57).
0
Let u(q) = 4801*q - 316852. What is u(66)?
14
Let g(x) = -2*x**3 - 2213*x**2 - 5958*x - 483546. What is g(-1104)?
6
Let r(b) = -b**3 + 75*b**2 - 1406*b - 133. What is r(36)?
-205
Let f(a) = -46*a**2 - 27823*a + 4384. What is f(-605)?
149
Let b(o) = o**3 + 29*o**2 + 6767*o + 211705. Determine b(-31).
6
Let g(m) = m**3 + 102*m**2 - 1684*m - 111879. What is g(-108)?
9
Let f(w) = w**3 - 20*w**2 - 22*w + 816. Calculate f(19).
37
Let q(d) = -d**3 - 391*d**2 - 4538*d + 110. Calculate q(-12).
-10
Let j(r) = r**3 + 270*r**2 + 5441*r - 3741. What is j(-248)?
-21
Let h(r) = -110*r + 1082. Determine h(10).
-18
Let t(b) = -35924*b + 251470. Calculate t(7).
2
Let n(p) = 15344*p + 168787. Determine n(-11).
3
Let d(x) = -1300*x + 237493. Determine d(182).
893
Let w(l) = 2*l**3 + 52*l - 59. Give w(1).
-5
Let b(a) = -8*a + 598. What is b(25)?
398
Let h(r) = -r**2 + 9*r + 184. Determine h(10).
174
Let j(c) = -c**2 + 571*c - 46179. Calculate j(473).
175
Let q(k) = 5*k**2 - 269*k - 3700. Determine q(-15).
1460
Let f(m) = -149*m**2 - 32939*m - 2170. What is f(-221)?
40
Let b(m) = 784*m - 16857. Determine b(21).
-393
Let u(s) = -5*s**3 - 23*s**2 - 2351*s - 9363. What is u(-4)?
-7
Let u(b) = -1118*b - 19000. Give u(-17).
6
Let i(p) = 37778*p - 226677. What is i(6)?
-9
Let d(o) = -723154*o - 723149. What is d(-1)?
5
Let v(z) = -15*z**3 + 14*z**2 - 33*z - 12. Determine v(3).
-390
Let b(i) = -2*i**2 - 85*i + 100. Determine b(-17).
967
Let g(c) = c**3 + 15*c**2 - 152*c - 2698. What is g(-18)?
-934
Let o(z) = z**3 + 50*z**2 - 352*z - 934. Calculate o(-56).
-38
Let l(k) = -262*k + 16736. What is l(63)?
230
Let a(r) = 6*r**2 - 366*r + 2516. What is a(54)?
248
Let s(x) = 314*x + 72548. Calculate s(-231).
14
Let m(v) = -3*v**2 + 1099*v - 13783. What is m(13)?
-3
Let b(t) = 61*t**2 + 9893*t + 1821. What is b(-162)?
39
Let h(o) = -57847*o - 231277. What is h(-4)?
111
Let h(q) = 4809*q - 76663. Calculate h(16).
281
Let y(w) = -7*w**2 - 242*w - 327. Calculate y(-33).
36
Let m(i) = 4503672*i + 40533039. What is m(-9)?
-9
Let f(q) = -2729*q - 111. Give f(0).
-111
Let p(i) = i**3 - 201*i**2 - 1011*i - 3978. Determine p(206).
-64
Let p(t) = 9*t**2 + 37*t - 225. Give p(5).
185
Let y(o) = 25940*o + 129867. Determine y(-5).
167
Let r(k) = -k**3 + 113*k**2 + 452*k + 846. Calculate r(117).
-1026
Let j(g) = -52*g**3 - 2107*g**2 - 3073*g + 305. Calculate j(-39).
-7
Let d(x) = -529*x + 20191. What is d(37)?
618
Let n(j) = j**3 - 9*j**2 + 6*j - 28. What is n(14)?
1036
Let m(q) = 30*q**2 + 7574*q - 11696. Give m(-254).
-12
Let n(c) = 5*c**2 + 824*c - 5445. Determine n(-171).
-144
Let t(n) = -107*n**3 - 4*n**2 - 2*n - 3. Give t(0).
-3
Let s(v) = v**3 + 406*v**2 - 116417*v - 10188. Calculate s(-600).
12
Let k(y) = -3*y**3 + 3*y**2 - 8498*y + 8498. Calculate k(1).
0
Let f(s) = s**2 - 9013*s - 262284. Calculate f(-29).
-66
Let f(g) = 22668*g + 748050. Calculate f(-33).
6
Let c(k) = -28923*k - 144441. Calculate c(-5).
174
Let b(r) = 54*r**3 - 4374*r**2 + 33*r - 2726. Determine b(81).
-53
Let t(o) = 3098*o + 30842. Determine t(-10).
-138
Let z(n) = 3*n**3 - 349*n**2 - 84*n - 8. What is z(0)?
-8
Let z(p) = -850*p**2 + 980*p - 981. Give z(1).
-851
Let j(t) = -17412*t + 17398. Give j(1).
-14
Let q(a) = a**3 + 9*a**2 - 599*a - 7123. Give q(-13).
-12
Let k(h) = 14*h + 857. Determine k(-43).
255
Let s(z) = 6*z**3 + 198*z**2 + 837*z - 111. Calculate s(-28).
-27
Let f(w) = -w**3 + 109*w**2 + 405*w + 62134. Calculate f(117).
7
Let d(u) = -1323*u - 10403. Give d(-7).
-1142
Let p(a) = a**3 - 895*a**2 - 3608*a - 53. Determine p(-4).
-5
Let p(w) = 950*w + 26586. Give p(-28).
-14
Let p(x) = -x**3 - 14*x**2 - 5*x - 173. Determine p(-9).
-533
Let f(c) = -c**3 - 73*c**2 - 513*c - 3269. Give f(-66).
97
Let g(t) = 2*t**3 - 5*t**2 -